 divided by 10955.
10944
Calculate the remainder when 2362413 is divided by 236234.
73
What is the remainder when 7646 is divided by 1514?
76
What is the remainder when 14966753 is divided by 6089?
6080
Calculate the remainder when 185658 is divided by 46407.
30
Calculate the remainder when 518675 is divided by 12031.
1342
Calculate the remainder when 115623 is divided by 7409.
4488
What is the remainder when 60915184 is divided by 129?
94
Calculate the remainder when 116234064 is divided by 18.
0
Calculate the remainder when 7214754 is divided by 154.
8
What is the remainder when 11052707 is divided by 2277?
149
What is the remainder when 65863 is divided by 13006?
833
What is the remainder when 8174110 is divided by 204347?
230
Calculate the remainder when 20849 is divided by 20454.
395
What is the remainder when 108892 is divided by 2862?
136
What is the remainder when 468198 is divided by 35733?
3669
Calculate the remainder when 2677694 is divided by 427.
404
Calculate the remainder when 420039 is divided by 52500.
39
What is the remainder when 27411 is divided by 66?
21
Calculate the remainder when 726574 is divided by 3726.
4
What is the remainder when 3677214 is divided by 63?
30
Calculate the remainder when 54284402 is divided by 27142197.
8
What is the remainder when 1535020 is divided by 576?
556
What is the remainder when 10298789 is divided by 2696?
69
Calculate the remainder when 24485130 is divided by 8695.
10
What is the remainder when 1187558 is divided by 17?
6
What is the remainder when 380175 is divided by 7?
5
Calculate the remainder when 80634 is divided by 6.
0
Calculate the remainder when 9819869 is divided by 95.
4
Calculate the remainder when 7441 is divided by 7340.
101
What is the remainder when 92487308 is divided by 6?
2
Calculate the remainder when 309013 is divided by 4291.
61
What is the remainder when 967969 is divided by 2719?
5
Calculate the remainder when 1235101 is divided by 368.
93
Calculate the remainder when 32636 is divided by 30.
26
What is the remainder when 2622482 is divided by 412?
102
What is the remainder when 32473523 is divided by 343?
341
What is the remainder when 8799938 is divided by 985?
933
Calculate the remainder when 4479057 is divided by 347.
328
What is the remainder when 36548 is divided by 35751?
797
Calculate the remainder when 475301 is divided by 328.
29
Calculate the remainder when 19040974 is divided by 144.
142
What is the remainder when 84701482 is divided by 7305?
7
Calculate the remainder when 769421 is divided by 1524.
1325
What is the remainder when 17090 is divided by 1118?
320
Calculate the remainder when 2640657 is divided by 80010.
327
What is the remainder when 415903 is divided by 722?
31
Calculate the remainder when 8315743 is divided by 1118.
59
Calculate the remainder when 458700 is divided by 77.
11
Calculate the remainder when 1078 is divided by 123.
94
What is the remainder when 12768338 is divided by 20?
18
What is the remainder when 106905 is divided by 8221?
32
Calculate the remainder when 1549081 is divided by 3806.
39
What is the remainder when 41907323 is divided by 202?
201
Calculate the remainder when 3620005 is divided by 1378.
1377
Calculate the remainder when 18747899 is divided by 2137.
2135
Calculate the remainder when 3720063 is divided by 1298.
1293
What is the remainder when 2436395 is divided by 54142?
5
What is the remainder when 551368 is divided by 2146?
1992
Calculate the remainder when 2695657 is divided by 103.
44
What is the remainder when 513918 is divided by 3971?
1659
What is the remainder when 5510734 is divided by 3479?
3477
What is the remainder when 1324664 is divided by 9264?
9176
Calculate the remainder when 264742637 is divided by 16.
13
Calculate the remainder when 59380 is divided by 3119.
119
What is the remainder when 37511 is divided by 1413?
773
Calculate the remainder when 1196458 is divided by 4243.
4175
What is the remainder when 22525117 is divided by 3274?
3271
Calculate the remainder when 3160057 is divided by 18.
13
What is the remainder when 205869686 is divided by 92?
90
What is the remainder when 129301 is divided by 8966?
3777
Calculate the remainder when 1535590 is divided by 489.
130
Calculate the remainder when 5966541 is divided by 127.
81
What is the remainder when 3742546 is divided by 673?
666
What is the remainder when 6255224 is divided by 3089?
3088
Calculate the remainder when 776893 is divided by 8442.
229
Calculate the remainder when 17338461 is divided by 1759.
1757
What is the remainder when 938582 is divided by 31265?
632
Calculate the remainder when 574968 is divided by 114987.
33
What is the remainder when 703334 is divided by 100469?
51
Calculate the remainder when 229909046 is divided by 591.
590
What is the remainder when 184586 is divided by 19331?
10607
What is the remainder when 22412410 is divided by 577?
576
Calculate the remainder when 48667 is divided by 48653.
14
Calculate the remainder when 16091559 is divided by 102.
39
What is the remainder when 6683308 is divided by 1115?
1113
What is the remainder when 9410633 is divided by 4705295?
43
Calculate the remainder when 1083779 is divided by 19353.
11
Calculate the remainder when 150227 is divided by 5532.
863
Calculate the remainder when 112414494 is divided by 17.
5
Calculate the remainder when 3527890 is divided by 167.
15
Calculate the remainder when 182447057 is divided by 3997.
3992
Calculate the remainder when 2637988 is divided by 458.
366
Calculate the remainder when 637037 is divided by 855.
62
Calculate the remainder when 20186 is divided by 561.
551
Calculate the remainder when 926106 is divided by 594.
60
What is the remainder when 44851 is divided by 11155?
231
What is the remainder when 40095642 is divided by 91334?
16
Calculate the remainder when 13451764 is divided by 460.
444
Calculate the remainder when 13601937 is divided by 127.
110
What is the remainder when 205926 is divided by 7415?
5721
Calculate the remainder when 1471493 is divided by 104.
101
Calculate the remainder when 118919 is divided by 14.
3
What is the remainder when 453290 is divided by 226609?
72
What is the remainder when 6356979 is divided by 1340?
19
What is the remainder when 153262 is divided by 3001?
211
What is the remainder when 277588 is divided by 277534?
54
Calculate the remainder when 188242 is divided by 2109.
541
What is the remainder when 514874 is divided by 2942?
24
Calculate the remainder when 3844647 is divided by 116479.
840
What is the remainder when 1004685 is divided by 26438?
41
What is the remainder when 63604023 is divided by 214?
13
What is the remainder when 532426 is divided by 509?
12
What is the remainder when 823894 is divided by 5682?
4
Calculate the remainder when 11265598 is divided by 866583.
19
Calculate the remainder when 6131674 is divided by 1244.
1242
What is the remainder when 953141 is divided by 34030?
301
What is the remainder when 19402048 is divided by 68?
16
What is the remainder when 212052 is divided by 2445?
1782
What is the remainder when 23122574 is divided by 1939?
1938
Calculate the remainder when 751106 is divided by 518.
6
What is the remainder when 27178398 is divided by 45?
18
What is the remainder when 6559 is divided by 2233?
2093
What is the remainder when 19823261 is divided by 19006?
3
What is the remainder when 20716030 is divided by 1726335?
10
Calculate the remainder when 543937 is divided by 11.
9
Calculate the remainder when 118602123 is divided by 1.
0
Calculate the remainder when 138896172 is divided by 12.
0
What is the remainder when 183983 is divided by 2743?
202
Calculate the remainder when 3574805 is divided by 537.
533
What is the remainder when 10940372 is divided by 6188?
6176
What is the remainder when 15855 is divided by 2525?
705
Calculate the remainder when 1357813 is divided by 404.
373
What is the remainder when 14750347 is divided by 20?
7
Calculate the remainder when 233643 is divided by 21.
18
Calculate the remainder when 42117042 is divided by 276.
270
Calculate the remainder when 7795618 is divided by 807.
805
What is the remainder when 6695812 is divided by 76?
60
Calculate the remainder when 3728237 is divided by 1137.
14
What is the remainder when 1